to base 15
-264
What is -483 (base 11) in base 15?
-285
What is 717 (base 8) in base 16?
1cf
What is -214432 (base 5) in base 2?
-1110101000100
1211102 (base 4) to base 6
50002
Convert 22120 (base 4) to base 8.
1230
1177 (base 10) to base 12
821
Convert -11122233 (base 4) to base 13.
-a140
-85d1 (base 14) to base 9
-34633
What is 14b20 (base 15) in base 8?
202106
What is -1121001 (base 3) in base 11?
-967
What is -100111100001 (base 2) in base 14?
-cc9
Convert -1024110 (base 5) to base 15.
-5255
Convert -635 (base 10) to base 3.
-212112
What is 738 (base 9) in base 13?
374
a8 (base 11) to base 10
118
What is -3d5 (base 15) in base 3?
-1012102
Convert 84c5 (base 14) to base 16.
597d
What is -1023433 (base 5) in base 7?
-101431
What is -1001000 (base 2) in base 5?
-242
What is -7aec (base 15) in base 2?
-110010111110001
What is 2808 (base 9) in base 3?
2220022
What is -1035 (base 6) in base 10?
-239
What is -2ab (base 14) in base 8?
-1037
Convert 20205 (base 7) to base 6.
34413
What is -12443 (base 6) in base 9?
-2540
67b3 (base 12) to base 15
3626
Convert -2862 (base 10) to base 8.
-5456
What is 124133 (base 5) in base 16?
1336
8930 (base 11) to base 6
130254
-37ec (base 16) to base 10
-14316
-1576 (base 11) to base 16
-7e3
-404 (base 5) to base 15
-6e
What is 44726 (base 8) in base 6?
223302
What is -b926 (base 12) in base 10?
-20334
Convert 9628 (base 10) to base 2.
10010110011100
13780 (base 10) to base 5
420110
Convert -1b6 (base 12) to base 15.
-13c
Convert 70 (base 12) to base 16.
54
What is 1000010110 (base 2) in base 3?
201210
What is -10042 (base 6) in base 15?
-5d2
Convert 3a70 (base 16) to base 4.
3221300
210 (base 8) to base 7
253
-1111000110 (base 2) to base 10
-966
603 (base 9) to base 2
111101001
Convert -311 (base 7) to base 16.
-9b
-22440 (base 5) to base 11
-1243
What is -28274 (base 9) in base 6?
-224451
-161c (base 14) to base 12
-234a
What is 203022 (base 5) in base 6?
50421
Convert -482 (base 12) to base 5.
-10144
-202655 (base 8) to base 3
-10101220002
What is 1439 (base 14) in base 11?
2764
-7056 (base 12) to base 11
-9157
Convert 1022 (base 8) to base 15.
255
Convert 11102211 (base 3) to base 16.
ca3
8c0b (base 13) to base 3
222220111
Convert 7a0 (base 11) to base 7.
2535
Convert 24317 (base 10) to base 6.
304325
What is 266 (base 11) in base 5?
2224
What is -33120 (base 4) in base 3?
-1100110
Convert -89 (base 15) to base 5.
-1004
Convert 44033 (base 7) to base 12.
6448
203310 (base 4) to base 14
b9a
What is -1672 (base 8) in base 14?
-4c2
14323 (base 10) to base 7
56521
Convert 1113 (base 4) to base 15.
5c
-1011000100 (base 2) to base 13
-426
-50f9 (base 16) to base 13
-9587
Convert -212a (base 11) to base 12.
-1767
What is -22112112 (base 4) in base 7?
-234405
1546 (base 12) to base 14
caa
Convert -1010101010100 (base 2) to base 13.
-2640
Convert 1002222220 (base 3) to base 7.
120516
-5ab2 (base 15) to base 10
-19292
What is -856 (base 10) in base 7?
-2332
What is -45033 (base 6) in base 8?
-14215
-3 (base 11) to base 12
-3
32132 (base 10) to base 12
16718
202 (base 11) to base 7
466
2002202022 (base 3) to base 9
62668
Convert 24141 (base 5) to base 8.
3404
Convert -46065 (base 9) to base 12.
-15905
Convert 20554 (base 8) to base 3.
102201220
What is 10001111000 (base 2) in base 11?
950
1bd (base 14) to base 3
111110
What is 144230 (base 5) in base 11?
4718
Convert 87318 (base 9) to base 5.
3322401
What is -1120002 (base 3) in base 7?
-3212
-104753 (base 8) to base 5
-2112212
What is 7079 (base 13) in base 16?
3c77
Convert -120461 (base 7) to base 13.
-9c38
What is 42b4 (base 14) in base 4?
2310012
Convert -2431 (base 8) to base 12.
-909
Convert -38229 (base 11) to base 8.
-153074
4326 (base 8) to base 10
2262
Convert 1030 (base 4) to base 9.
84
Convert 1173 (base 16) to base 9.
6113
-241421 (base 6) to base 13
-97ba
Convert 45405 (base 6) to base 10.
6413
What is -165 (base 7) in base 10?
-96
Convert -2416 (base 7) to base 2.
-1101111111
Convert 6365 (base 9) to base 10.
4676
-92 (base 14) to base 9
-152
Convert -7613 (base 13) to base 4.
-10000121
Convert -244130 (base 5) to base 12.
-5462
Convert -5421 (base 12) to base 13.
-428b
121 (base 10) to base 11
100
-1111 (base 7) to base 16
-190
-166 (base 15) to base 8
-501
Convert 47307 (base 8) to base 15.
5e97
What is -14e9 (base 16) in base 12?
-3121
Convert 6982 (base 10) to base 3.
100120121
What is -20210103 (base 4) in base 14?
-cb07
What is -25775 (base 8) in base 14?
-4165
Convert -250 (base 14) to base 6.
-2050
Convert -13001 (base 4) to base 15.
-1ee
What is 42556 (base 7) in base 5?
314301
What is 13303 (base 4) in base 3?
200111
What is 11011221 (base 3) in base 16?
be9
What is 32123 (base 4) in base 7?
2456
What is 150 (base 11) in base 12?
128
What is 5b5 (base 15) in base 6?
5555
What is -1011000100110110 (base 2) in base 11?
-310a2
1101221221 (base 3) to base 9
41857
What is 102120 (base 3) in base 14?
184
Convert -1021102221 (base 3) to base 2.
-110001000010100
-2102101 (base 3) to base 2
-11011100101
50235 (base 6) to base 15
1e35
Convert -13442 (base 5) to base 14.
-5a2
Convert 210011110 (base 3) to base 9.
23143
Convert -11212112 (base 3) to base 8.
-6737
-143 (base 11) to base 12
-120
155472 (base 8) to base 4
31230322
Convert -4601 (base 14) to base 5.
-342103
Convert 12d90 (base 14) to base 9.
70803
What is -382 (base 14) in base 11?
-589
-605 (base 7) to base 14
-175
What is 1045 (base 9) in base 13?
473
33be (base 16) to base 5
410441
Convert -2da (base 14) to base 16.
-248
10111101111 (base 2) to base 11
1161
What is -131 (base 8) in base 6?
-225
What is -1210 (base 4) in base 2?
-1100100
Convert -123 (base 7) to base 14.
-4a
What is -47c (base 15) in base 2?
-1111111001
What is -690 (base 10) in base 14?
-374
-1021112202 (base 3) to base 12
-126a8
What is 1132 (base 5) in base 4?
2213
-13044 (base 5) to base 2
-10000000000
What is 708 (base 12) in base 4?
33320
Convert -11055 (base 9) to base 14.
-2964
-3038 (base 10) to base 16
-bde
Convert 765 (base 8) to base 15.
236
-1233 (base 5) to base 13
-11b
What is 302 (base 6) in base 11?
a0
1010111100110100 (base 2) to base 4
22330310
2014 (base 6) to base 2
110111010
-a2c3 (base 15) to base 7
-202146
Convert -2956 (base 13) to base 6.
-43414
What is -8902 (base 10) in base 8?
-21306
Convert -33732 (base 11) to base 6.
-1013530
Convert -1233123 (base 4) to base 7.
-26535
What is -56063 (base 8) in base 5?
-1223403
Convert 13201 (base 9) to base 15.
2991
Convert -3073 (base 13) to base 7.
-25330
-12120 (base 3) to base 15
-a0
Convert 2012 (base 9) to base 16.
5bd
37a (base 15) to base 11
659
Convert -11101000011001 (base 2) to base 3.
-202101212
What is 10101 (base 4) in base 16?
111
Convert -1040 (base 8) to base 7.
-1405
Convert -1859 (base 11) to base 16.
-93b
Convert 10103213 (base 4) to base 13.
804b
Convert 108b (base 12) to base 6.
12255
Convert 105457 (base 8) to base 6.
432543
-14a4 (base 15) to base 6
-32301
-1013 (base 10) to base 12
-705
-54b (base 12) to base 9
-1055
Convert 2105 (base 7) to base 6.
3232
What is 104100 (base 5) in base 8?
7102
What is -52104 (base 6) in base 12?
-4034
-2441 (base 9) to base 14
-93d
-4267 (base 12) to base 11
-5518
What is -11100001010111 (base 2) in base 3?
-201210012
4b9 (base 15) to base 16
432
What is 78c (base 13) in base 7?
3534
Convert -16a1 (base 13) to base 7.
-12513
Convert -2936 (base 10) to base 7.
-11363
Convert 20121002 (base 3) to base 15.
1658
Convert -1301334 (base 5) to base 9.
-37531
-930 (base 15) to base 6
-13330
-110101100100 (base 2) to base 9
-4628
111000102 (base 3) to base 10
9488
What is -906 (base 11) in base 15?
-4d0
1814 (base 10) to base 16
716
1011001011 (base 2) to base 4
23023
-2131 (base 5) to base 9
-353
-1110111 (base 4) to base 12
-3159
Convert 110111 (base 2) to base 14.
3d
8f9 (base 16) to base 3
10011002
14267 (base 8) to base 14
243d
Convert -1103323 (base 6) to base 13.
-1c185
What is -202330 (base 4) in base 12?
-1364
24027 (base 8) to base 16
2817
Convert -111002 (base 3) to base 8.
-541
-d85 (base 14) to base 13
-12a0
What is 8213 (base 16) in base 10?
33299
What is -1111110011001 (base 2) in base 8?
-17631
Convert -14121 (base 7) to base 9.
-5233
Convert -24 (base 10) to base 2.
-11000
-6740 (base 13)